 -6 + -10 - ((-18 - -16) + 3).
-17
What is 19 - 35 - (-14 + 17)?
-19
What is the value of -5 - ((35 - 60) + 23)?
-3
(15 - (5 + -9 + 11)) + -2
6
What is 18 + -1 + 17 + -31?
3
What is the value of -27 - (-38 - (-29 + 43))?
25
What is the value of 100 - 90 - (29 - -2)?
-21
What is -9 + 2 - -26 - 2 - (0 - -5)?
12
What is the value of 31 - (9 + -3 + 14)?
11
Evaluate 17 + (27 - 19 - 10).
15
Calculate -1 + 10 + (-353 - -361).
17
3 + 11 + -16 + 6 - (10 + -1)
-5
49 + -31 - (4 + 18)
-4
What is 4 + -7 - (-23 + 14 + 0)?
6
10 + -40 + 15 - -14
-1
Evaluate 25 + (1 - 1) + 21 + (-19 - 5).
22
(12 - -1 - (-166 - -201)) + (0 - 2)
-24
Evaluate (16 - 28) + (21 - 1).
8
What is -24 + 8 + 19 + 0?
3
Calculate -20 - (-2 - -10 - (9 - -2)).
-17
What is the value of -27 + -48 + 57 + 0 + 3?
-15
Evaluate (9 - 4) + (-6 - (-8 - -12)).
-5
Calculate 0 - (-56 + 56 + (-7 + -2 - -2)).
7
What is -18 + 17 + -54 + 37?
-18
11 + -4 + -2 + -15
-10
What is -35 + 14 - (-37 - -18)?
-2
What is 1 + -14 - (-2 + 3 + 3 - 8)?
-9
7 - 12 - 1 - 4
-10
Calculate -10 - (-4 - -9 - (14 - -1)).
0
Evaluate -6 - (5 + (8 - 12)).
-7
What is 1 - (-16 + 10 + 0 + 10)?
-3
Evaluate 2 + (2 + -2 + -2 - -7).
7
What is the value of 16 - (-9 - -2 - (172 - 156))?
39
Evaluate 15 + 1 - (28 + 0 + (-11 - 9)).
8
What is the value of -12 + 21 + -17 + 17?
9
What is the value of -23 + -30 + 15 - -9?
-29
What is 4 - (-5 + 1) - 21?
-13
Evaluate 5 + (-6 + -1 - 9).
-11
Calculate (-14 - (2 + -12 + 15)) + 0 + 4.
-15
What is -6 + 5 + (4 - 0) - -2?
5
Calculate 10 + -1 - (674 - 686).
21
-17 + (7 - -4 - 11) + 9
-8
Evaluate (-174 - -182) + (-3 - 1).
4
What is -274 + 289 + (2 - 14)?
3
What is 0 + -5 + 1 + -1 - (-140 - -143)?
-8
Evaluate (8 - 9) + -3 + 6 + -2.
0
Calculate (-3 - 0) + (-10 - -1) + 17.
5
Evaluate 36 + -3 + 1 + -30.
4
What is the value of (-2 - -7) + -43 + 33?
-5
Evaluate 0 + -16 + 29 + -21.
-8
What is (62 + -51 - (0 - -20)) + 5 + -1?
-5
Calculate -286 - -284 - (-2 - (-6 - 2)).
-8
What is 28 + -49 + 14 + -1 + (-1 - 0)?
-9
1 - (-2 - (-1 + -26))
-24
Calculate (-34 - -45) + (8 - 0 - 1) + -36.
-18
28 + -36 + 33 - 48
-23
Evaluate 5 + 11 + (-8 - 2).
6
What is the value of 0 + (7 - 6) - 5 - 13?
-17
Evaluate (-21 - (-5 - 0)) + (3 - -1).
-12
-12 - (-16 + 2 + (-32 - -37))
-3
(-79 - -116) + (-27 - -3)
13
Evaluate 150 + -134 - (6 + (0 - -1)).
9
Calculate 21 + -3 + 228 + -236.
10
What is 4 + 3 + (4 - 10) + -3?
-2
Evaluate 21 + 8 + -9 + -12.
8
36 + -47 - (-4 + (24 - 1) + -8)
-22
8 - 3 - (-48 - -38)
15
What is 6 - (-6 + 8) - -4?
8
Calculate (71 - 80 - (0 - -2)) + -2.
-13
What is the value of (11 + 0 + -6 - 9) + 11 + 4?
11
Calculate (6 - 4) + -4 - (19 + 4) - -5.
-20
Evaluate 42 + 0 + 199 + -203 - 3.
35
What is the value of -4 - (16 - (-17 + 31 + -1))?
-7
Evaluate -3 - -36 - (-43 + 70).
6
(10 - (-5 + -1)) + -3
13
-2 + 8 - (-14 - -42)
-22
What is the value of -9 - (2 + -8) - -14?
11
-1 + 8 - ((8 - -25) + -14)
-12
What is the value of -1 + (3 + -1 + -2 - (-1 + 3))?
-3
What is the value of (-8 - -2) + 5 + -13 + -11 + 39?
14
81 + -76 + 2 + -3 + 1 + 8
13
(-28 - -21) + 0 + -32 + (9 - 4)
-34
Evaluate 1 - -4 - (296 + -293).
2
(0 - -2) + (-513 - -533)
22
What is the value of (-3 - -1) + (-12 + 5 + 3 - -6)?
0
Evaluate -39 - (14 - -7 - 87).
27
What is 16 - (-11 - -13 - 3)?
17
What is -1 + 36 + -2 - 66?
-33
Evaluate -7 - (-5 + 7) - -1 - 16.
-24
-2 + 2 + (40 - 18) - 3
19
What is (-2 - 2) + (139 - 140) - (24 - 2)?
-27
What is (2 - 11 - 16) + 15?
-10
What is 8 + (6 - ((-4 - -5) + 5))?
8
-11 - (-1 + 6) - 0 - (-9 + -1)
-6
Calculate 28 - (-14 + 1 - -28).
13
33 - 30 - (1 - (3 + -8))
-3
Evaluate -9 - (-2 - (-17 - -10)).
-14
-8 - (4 - -7) - -33
14
Evaluate -7 - (1 + 1 - 5).
-4
Calculate (-7 - (13 - -2)) + (-2 - 0).
-24
Evaluate (9 - -6) + -4 + (-18 - 5).
-12
8 + 8 + (5 - 7 - 2)
12
3 + 16 + (-7 - -6) + -2 + -3
13
What is -66 + 75 + (2 - -5) + -26?
-10
What is the value of (-2 - (4 + -11)) + -12 - -1?
-6
7 + (-8 - 1) - -8 - 18
-12
What is the value of 27 - -1 - (332 + -314)?
10
Calculate 7 + -3 + (-9 - -5 - -3) - 11.
-8
Evaluate -8 + (9 - 7 - (1 + -2) - -17).
12
What is the value of 12 + 0 + (-7 - 2) - 24?
-21
Calculate 8 + (-14 - -12) - 3.
3
Calculate -2 + (-7 + 38 - 10).
19
Evaluate 8 + 1 - (-22 - -13 - -13).
5
What is 3 - (-12 - (-8 + 2))?
9
What is 0 + -3 + 5 - (-236 - -230)?
8
-5 - (-14 - (-11 - -4 - -4)) - -2
8
Evaluate -6 - -26 - (37 + 2).
-19
Evaluate 6 + -4 + 26 - 52.
-24
Calculate 36 + 0 - (-126 - -132).
30
What is 13 - 17 - 11 - -28?
13
Calculate 8 + (-20 - (14 - 17)).
-9
Evaluate 0 - (28 + -6 + -12).
-10
Evaluate (7 - 24) + (-35 - -22) - -16.
-14
Evaluate 1 + -4 - (27 - (9 - (-10 + 2))).
-13
What is (0 - -7 - 2) + (-22 - -19) + -6?
-4
Calculate 10 - (18 - 8 - (3 - (5 - -2))).
-4
0 + 5 + (-26 - -25)
4
What is the value of -10 + (5 - -1) + -1 - (1 - 4)?
-2
Evaluate 1 - ((-16 - 3) + 15).
5
Evaluate (2 + -13 - 2) + (14 - (9 - -6)).
-14
Calculate 4 + -5 + -1 - (1 + -8 - 0).
5
Evaluate (2 - 2) + 3 + (88 - 93) - 3.
-5
Evaluate (-1 + 25 + -14 - 17) + (0 - -7).
0
What is the value of (16 + 16 - 37) + (0 + 1 - -8)?
4
What is 34 - (161 + -152 - (1 - 2 - -1))?
25
What is the value of 4 + (3 - 1) + -6 + 6 - -5?
11
What is -6 + 5 + -6 - (-1 + -2)?
-4
Evaluate 0 - ((-2 - 3) + 24 + -20).
1
Evaluate 30 + -21 + -28 + -6.
-25
-1 - -6 - ((-37 - -19) + 37 - 29)
15
What is (11 - (9 + -8) - 2) + 2?
10
What is -38 + 38 - (5 + 0) - 1?
-6
Evaluate 4 + (4 - 5 - -2) - (119 - 88).
-26
Calculate -9 + (-21 - -61) + -16.
15
Evaluate -4 - (-11 - (31 + -14) - -9).
15
What is the value of (-12 - -6) + (-14 - (-9 - -5)) + 2?
-14
Evaluate -15 - ((-2 - 24) + (-5 - 5)).
21
What is the value of 74 + -23 + -59 + 42 + 1?
35
Calculate 247 + -266 - (-4 + 2).
-17
-16 - (-3 - (1 - -7 - (17 - 8)))
-14
What is (-7 + 2 - 0) + (79 - 67)?
7
Evaluate 10 + (-15 - (-4 - 10)) - 22.
-13
Calculate (1 - -1 - 7) + 6 + (-17 - -6).
-10
What is the value of -1 - 0 - (17 - (21 - 28 - -13))?
-12
What is the value of -1 + -2 - ((-10 - -4 - 0) + 8)?
-5
Calculate -18 - ((8 - 5 - -4) + -10).
-15
What is the value of (30 - 19) + -5 + 9 + -3?
12
Calculate -1 + -1 + -3 + (5 - (-3 - 11)).
14
Calculate (20 - (6 + 4) - -2) + -19.
-7
What is 0 + 12 - (11 + -12 + (-10 - -6))?
17
9 + (-1 - -5) - 15 - -33
31
What is the value of -35 + (27 - 10) - 14 - -10?
-22
What is the value of (0 - 7) + -3 + 2 + 14?
6
Evaluate -577 + 586 + -19 + 1.
-9
What is (5 - (1 - -5)) + 1 + 10?
10
-5 - -3 - -2 - (24 - (-20 + 45))
1
((6 - 5) + -6 - 9) + 3
-11
Evaluate -20 - (-11 - 21) - 39.
-27
What is 1 + -6 + (-228 - -253) + -5?
15
What is the value of -8 + 11 + (18 - 14) + -13?
-6
-7 + 3 + -19 - -11
-12
What is (3 + -6 - (-81 + 34)) + (0 - 7)?
37
Calculate 15 + (8 - 14) + 1.
10
What is the value of -7 - -11 - ((1 - -3) + 30 + -31)?
1
What is ((-7 - 1) + 11 - 1) + -8?
-6
Calculate 332 + -296 - (-3 + -1 + 11).
29
Calculate -47 + 40 + 20 + 2 + 3.
18
Evaluate -12 - (-24 - -10) - 11.
-9
What is the value of 5 + (-1 - 4) - (27 + -58 - -21)?
10
What is the value of (8 - (-7 - -5)) + -16 + 4?
-2
Calculate -14 + -1 + 0 + (14 - (5 + 3)).
-9
Calculate (36 - (16 + (-19 - -9))) + -11.
19
What is the value of 592 + -609 - (0 + 1 - (4 + -1))?
-15
Calculate 6 - 1 - 2 - (1 + -5) - 22.
-15
Evaluate 16 - ((-15 - 29) + 28).
32
(-4 - -6) + (-7 - -12) + 13
20
What is the value of -24 + 37 + -1 - -5?
17
Calculate 19 + (5 - (20 + 24)).
-20
What is the value of 14 + -7 + -26 - -23?
4
4 - -5 - (2 - -15)
-8
What is -1 + 8 + 0 + (50 - (37 + 8))?
12
What is the value of -18 + -9 + 4 + -6 + 14?
-15
-226 - -223 - (5 - 0)
-8
What is 52 - (-19 + -16 - -59)?
28
What is the value of (10 - (-15 + 14 + 6)) + 2?
7
What is 8 - (12 - (43 - 20))?
19
What is the value of (15 + -13 - -21) + -34?
-11
Evaluate 21 + -36 + (17 - 9).
-7
Evaluate -1 + 1 + -2 - (26 + -13 + -5).
-10
What is -2 - -4 - (3 + 5 + -12 + 7)?
-1
Evaluate (34 - 24) + (-45 + -8 - -9).
-34
0 + (-102 - -94 - (-1 + 2 + -9))
0
What is the value of 7 - -6 - (15 + -1 - 8)?
7
(6 + -7 + 11 - 14 - -8) + -27
-23
What is the value of 4 + -2 + 6 + (-11 - 3)?
-6
Calculate -7 + (-24 - (34 - 79) - (1 + 1)).
12
What is (47 + -35 - (-17 + 1)) + -3?
25
What is the value of -13 + 6 + (-7 - -11 - 6)?
-9
Evaluate 7 + 1 + -12 + -3 + -7.
-14
What is the value of (2 - 7) + 2 + (6 - 4) - -7?
6
What is (18 - -7 - -6) + -6?
25
Evaluate -2 - (-3 - -2 